ime factors of w.
29
Let m(r) = r + 15. Let k be m(-13). Let t be (-101)/k + 21/14. Let z = -34 - t. What are the prime factors of z?
3, 5
Suppose 0 = 16*m - 19*m - 18. Let b = m - 40. Let l = b - -81. What are the prime factors of l?
5, 7
Let r = 4378 - 1960. List the prime factors of r.
2, 3, 13, 31
Let h(v) = 2*v**2 + 2*v - 2. Let b be h(4). Suppose 0 = 3*f + 2*f - 110. Let t = b - f. List the prime factors of t.
2
Suppose 0 = 2*j - 3*j + 12. Let i be (2/2)/(2/(-10)). Let g = j + i. What are the prime factors of g?
7
What are the prime factors of 8632/14*(-14)/(-4)?
2, 13, 83
Let j(d) = 2*d + 14. Let n be j(-12). List the prime factors of 182*((-35)/n)/7.
7, 13
Let h be 15/60 + (-11)/(-4). Suppose 44 = m + 5*a, 4*m + h*a = 7*a + 104. List the prime factors of m.
29
Let q be -1 + 3*(-15)/(-9). Suppose q = n + 3. Suppose 2*a - 91 + n = 0. What are the prime factors of a?
3, 5
Let c = 218 - 215. Suppose 5*p = -5*x + 210, 240 - 54 = 5*p - 3*x. Suppose -p = -2*g - c. What are the prime factors of g?
2, 3
Suppose 0 = 4*g - 568 - 1072. What are the prime factors of g?
2, 5, 41
Suppose -4*z = 5*q - 1737, 6*q - 438 = -z + 4*q. What are the prime factors of z?
2, 107
Let x(u) = -4*u + 6*u - 6 + u**2 - 5*u + 8*u**2. List the prime factors of x(-5).
2, 3, 13
Let y = -4417 - -7561. List the prime factors of y.
2, 3, 131
Let p(q) = -13*q + 16. Let g(l) = -7*l + 8. Let d(f) = -11*g(f) + 6*p(f). Let v be d(11). Let o(k) = -k**3 - k**2 + 5*k + 3. What are the prime factors of o(v)?
2, 3
Suppose 22*n + 1413 = 25*n. What are the prime factors of n?
3, 157
Suppose -i + 866 = 4*p, -218 = -p + i - 2*i. Suppose 10*k = 7*k + p. What are the prime factors of k?
2, 3
Suppose -6*d + 3*d = -6, 0 = 5*y - 3*d - 8469. List the prime factors of y.
3, 5, 113
Suppose 2*d - 2*k + 1151 = 3785, -3*k - 5273 = -4*d. What are the prime factors of d?
2, 661
Suppose 4*m + 4*z - 2124 = 0, 5*m - 2687 = 10*z - 7*z. List the prime factors of m.
5, 107
Let c = 2266 + -294. What are the prime factors of c?
2, 17, 29
Let i = 28 + -22. List the prime factors of -10*(1 - (1 + i)).
2, 3, 5
Let q(x) = 448*x - 4. Let v be q(-1). Let k = -124 - v. List the prime factors of k.
2, 41
Suppose -5*i = -u - 5536, 0*u = 5*u + 5. What are the prime factors of i?
3, 41
Let j be 429/6 - 3/6. Suppose j - 335 = -3*s. Suppose v + s = 5*v. What are the prime factors of v?
2, 11
Suppose -7*h + 3615 + 3959 = 0. What are the prime factors of h?
2, 541
Let g be (-13*1)/((-3)/6). Suppose 3*u + g = 5*u. List the prime factors of u.
13
Let c be ((147 - -3) + 5)*(0 - -1). List the prime factors of (4 - (-1*c - 0)) + 2.
7, 23
Suppose 6*w = 189 + 15. List the prime factors of w.
2, 17
Let s(y) = -y. Let l(p) = 13*p - 1. Let k(d) = -l(d) + 4*s(d). What are the prime factors of k(-3)?
2, 13
Let c(n) = -2*n**3 + n**2 - 1 - n + 10 + n**3. Suppose -10*d = 2*d + 2*d. List the prime factors of c(d).
3
Let m be 5/2*(1 - -1). Suppose -m*v + n + 43 = -3*n, 0 = v + 2*n - 17. Suppose -o = v - 39. List the prime factors of o.
2, 7
Let u be 873/45 + 6/10. Let o = u + -16. What are the prime factors of (-57)/(-5) + o/(-10)?
11
Let i(j) = -2*j - 5. Let f be i(-6). Let u = f + 179. Suppose m + t - 49 = 0, 4*m + 3*t - t - u = 0. List the prime factors of m.
2, 11
Let q = 68 - 74. What are the prime factors of 23*(-4)/q*12?
2, 23
Let i be (2 + -5)*(4 + 2). Let t be (-5 + 3)/((-1)/1). List the prime factors of (-3)/t*48/i.
2
List the prime factors of ((-27)/(-9) - 1) + 955.
3, 11, 29
Suppose -4*n + 16 = 0, -5*w + 3*n = -2*w + 36. Let a(u) = -u**3 - 4*u**2 + 15*u + 34. List the prime factors of a(w).
2, 5, 17
Let v = -159 + 81. What are the prime factors of 2/12 - 2249/v?
29
Let b(l) = -275*l - 426. List the prime factors of b(-6).
2, 3, 17
Let t = -272 + 430. What are the prime factors of t?
2, 79
Suppose 12*u - 24 = 8*u. Suppose 0 = -2*h - h - u. What are the prime factors of h + 2/(-1)*-10?
2, 3
Suppose -c - 4 = 0, -29*g + 32*g - c = 4558. List the prime factors of g.
2, 3, 11, 23
Let m = -23 - -39. Suppose 5*x - m = -2*w - 0, -2*x - 5 = -3*w. Suppose -x*h = -7*h + 200. List the prime factors of h.
2, 5
List the prime factors of ((-127062)/(-24))/13 - (-6)/8.
2, 3, 17
Let a(g) be the second derivative of -2/3*g**3 + 0 + 5*g + 7/12*g**4 - 4*g**2 + 1/20*g**5. List the prime factors of a(-6).
2, 13
Suppose 5694 = 2*r + 3*p, r - 3*p = -0*r + 2838. Let i be ((-2)/4)/(18/r). Let j = -43 - i. List the prime factors of j.
2, 3
Let q(n) = -118*n - 870. What are the prime factors of q(-32)?
2, 1453
Suppose -2*w + 908 = -w - v, 5*v - 2756 = -3*w. What are the prime factors of w?
2, 3, 19
Let s(l) = -146*l**3 + 3*l**2 + 3*l - 1. List the prime factors of s(-2).
3, 17, 23
Suppose -25*y + 18791 = -26109. List the prime factors of y.
2, 449
Let r = -9 - -12. Suppose r = m - 36. List the prime factors of m - ((3 - 2) + 1).
37
Let z(f) be the first derivative of f**4/4 + 7*f**3/3 + 2*f + 33. List the prime factors of z(-7).
2
Let f be (0 + 0)/(15 - 14). Let p(i) = i**2 - i + 62. What are the prime factors of p(f)?
2, 31
Let r be ((-855)/10)/((-9)/12). What are the prime factors of -4*r/(-4) - -2?
2, 29
Let k(g) = g**2 - 65*g - 9. What are the prime factors of k(-8)?
5, 23
Let r(k) be the third derivative of -k**4/6 - 19*k**3/6 - k**2. Let l be ((-2)/12 - 32/(-48))*-34. What are the prime factors of r(l)?
7
Let t(r) = -r**2 - 3*r + 7. Let l be t(-4). What are the prime factors of l/15 - 264/(-5)?
53
Let g(q) = 20*q - 1. Let a be g(3). Let k = a - -12. List the prime factors of k.
71
Suppose -17*s = -12*s - 5*w - 2185, -5*s = 3*w - 2177. What are the prime factors of s?
2, 109
Let a = -273 + 352. What are the prime factors of a?
79
Suppose 3*j - 9*o - 895 = -4*o, -4*j - 2*o = -1176. Suppose -491 = -6*y + j. List the prime factors of y.
131
What are the prime factors of (14135/4 - (-3)/12) + -5?
3529
Let u(x) = -2*x**3 - 20*x**2 - 13*x + 14. List the prime factors of u(-10).
2, 3
What are the prime factors of 9/(-27) - 13780/(-39)?
353
Suppose -43*n + 2*n = -7380. List the prime factors of n.
2, 3, 5
Suppose -5*v = -44*v + 37986. List the prime factors of v.
2, 487
Let a = 1029 - 536. What are the prime factors of a?
17, 29
Let k(u) = 81*u**2 + 13*u - 13. What are the prime factors of k(-4)?
1231
Suppose -4*t - 5*c - 8 = -24, 2*t = -3*c + 6. Let x = t - 5. List the prime factors of x.
2
Suppose 0 = 38*d - 3*d - 6265. What are the prime factors of d?
179
Suppose 4*u = -4*d + 1156, 15*u = 13*u + 2*d + 598. What are the prime factors of u?
2, 3, 7
Let t(j) = 27*j - 4. Let r = -34 + 31. Let w be t(r). Let i = -39 - w. What are the prime factors of i?
2, 23
Let v(x) = -x**2 + 10*x - 17. Let g be v(7). Let o be (-126)/(-33) + g/22. Suppose 2*b - 3*y - 36 = -y, 5*b - 92 = o*y. What are the prime factors of b?
2, 5
Suppose c + 5*k - 39 = -0*k, 4*c + 5*k = 156. Let y be 6/8 + c/12. Suppose 2*f + 56 = h, -y*h + 189 = -5*f + 4*f. What are the prime factors of h?
2, 23
Let j = 2847 + -1942. What are the prime factors of j?
5, 181
List the prime factors of 2118/18 + -5 - (-2)/(-3).
2, 7
Suppose 13 = -l + s + 2, -28 = 3*l - 2*s. Let o be -3*(3 + l + -14). Suppose -o = -5*j + 34. List the prime factors of j.
17
Let w(u) be the first derivative of -7*u**2/2 - 15*u + 7. List the prime factors of w(-7).
2, 17
Suppose -3*h + 0*h = -15. Suppose -4*j = h*r - 15, r + 16 = 4*j + 5*r. Suppose 124 + 111 = j*o. What are the prime factors of o?
47
Let l(d) = 3*d**2 - 47*d + 17. Let c(y) = y**2 - 16*y + 6. Let t(j) = -11*c(j) + 4*l(j). What are the prime factors of t(16)?
2, 3, 11
Suppose -19 = 3*h - 5*n, -2*h + 5 = -3*n + 16. List the prime factors of (-6)/(-16) - (-1165)/16*h.
2, 73
Suppose 3*z + 2*b + 16 = -z, -3*z = 3*b + 15. What are the prime factors of -4*(0 + z - 7)?
2, 5
Let c(z) = -z**2 + z + 1. Let o(m) = -4*m - 8 + m + 4*m**3 - 3*m**3. Let l(g) = 5*c(g) + o(g). What are the prime factors of l(5)?
7
Let q = 801 - 373. What are the prime factors of q?
2, 107
Suppose 0 = o - 5*z + 1, 4*z - 140 = -4*o - 48. Let g be 8/12*-3 + o. Let m = 28 - g. List the prime factors of m.
11
Suppose 8*t + 192 = 7*t. Let b = 331 + t. What are the prime factors of b?
139
Let x(y) = y + 2. Let l be x(-1). Suppose 43 = s - 5*g, -4*g + 3 + l = 0. What are the prime factors of s?
2, 3
Let w(